09885 prime?
False
Is 78773 a prime number?
False
Is 395774 a prime number?
False
Is 9305 prime?
False
Is 18155 a prime number?
False
Is 329 composite?
True
Is 2459 a prime number?
True
Is 1418441 a prime number?
False
Is 427969 a composite number?
False
Is 520261 prime?
False
Is 274909 a composite number?
False
Is 28109 prime?
True
Is 20283 prime?
False
Is 25693 a prime number?
True
Is 5201 a prime number?
False
Is 239359 a composite number?
True
Is 448597 a prime number?
True
Is 24611 prime?
True
Is 40881 a composite number?
True
Is 20477 a prime number?
True
Is 3953 prime?
False
Is 17159 a composite number?
False
Is 5813 composite?
False
Is 1093577 prime?
True
Is 9431 composite?
False
Is 4421 composite?
False
Is 3079 a prime number?
True
Is 322843 a composite number?
True
Is 476297 prime?
False
Is 45249 composite?
True
Is 9774059 composite?
False
Is 2027459 prime?
False
Is 110039 a prime number?
True
Is 78943 composite?
True
Is 64433 prime?
True
Is 3346061 a composite number?
False
Is 645179 a composite number?
False
Is 3341 prime?
False
Is 16207 composite?
True
Is 662 composite?
True
Is 446309 a prime number?
True
Is 30427 prime?
True
Is 9479 prime?
True
Is 379963 a composite number?
False
Is 3337151 composite?
True
Is 1641433 a composite number?
True
Is 91571 a composite number?
False
Is 10133 composite?
False
Is 2174 a prime number?
False
Is 74549 a composite number?
True
Is 16979 composite?
False
Is 358013 composite?
True
Is 3119 prime?
True
Is 1312277 a composite number?
False
Is 45538 a prime number?
False
Is 2923 a prime number?
False
Is 1836553 composite?
False
Is 531627 a prime number?
False
Is 483863 composite?
False
Is 24469 a prime number?
True
Is 245653 prime?
True
Is 86923 a composite number?
False
Is 1599203 composite?
False
Is 24239 composite?
False
Is 80737 prime?
True
Is 36739 a prime number?
True
Is 121117 prime?
False
Is 719107 a prime number?
False
Is 1055671 prime?
True
Is 20789 a composite number?
False
Is 78341 prime?
True
Is 899513 prime?
False
Is 298493 composite?
True
Is 6589 composite?
True
Is 286859 prime?
True
Is 25657 composite?
False
Is 3937 a composite number?
True
Is 318397 composite?
True
Is 86923 composite?
False
Is 30551 a composite number?
True
Is 1247 prime?
False
Is 6761 a composite number?
False
Is 10061 prime?
True
Is 38147 prime?
False
Is 11733 a prime number?
False
Is 798269 a composite number?
True
Is 235931 prime?
False
Is 4985 a composite number?
True
Is 25073 a prime number?
True
Is 19181 a prime number?
True
Is 540803 a prime number?
True
Is 538015 composite?
True
Is 228205 composite?
True
Is 1797767 a composite number?
True
Is 1430987 composite?
False
Is 76319 a composite number?
True
Is 20561 composite?
True
Is 1481 composite?
False
Is 45469 a prime number?
False
Is 358945 prime?
False
Is 37 a composite number?
False
Is 392039 a prime number?
False
Is 37081 a composite number?
True
Is 9533 a prime number?
True
Is 629171 a composite number?
False
Is 3101 prime?
False
Is 27767 prime?
True
Is 43807 a prime number?
False
Is 26669 a prime number?
True
Is 18583 composite?
False
Is 268727 a prime number?
False
Is 160831 prime?
False
Is 42079 prime?
False
Is 341995 composite?
True
Is 55103 a prime number?
True
Is 11923 a composite number?
False
Is 56077 composite?
True
Is 41911 prime?
True
Is 21439 a composite number?
True
Is 2259671 a prime number?
True
Is 24637 composite?
True
Is 953 composite?
False
Is 125959 a prime number?
True
Is 2787971 prime?
True
Is 212557 composite?
False
Is 566273 composite?
False
Is 2971 a prime number?
True
Is 211493 a prime number?
True
Is 133483 composite?
True
Is 1728401 composite?
True
Is 8779 composite?
False
Is 1473109 prime?
False
Is 115679 prime?
True
Is 94949 prime?
True
Is 78041 a composite number?
False
Is 33103 a composite number?
True
Is 1966593 composite?
True
Is 62639 prime?
True
Is 196358 prime?
False
Is 140717 composite?
False
Is 17638 prime?
False
Is 741669 composite?
True
Is 1201787 composite?
False
Is 708277 composite?
True
Is 557 composite?
False
Is 37381 composite?
True
Is 16217 a prime number?
True
Is 53759 composite?
False
Is 689 prime?
False
Is 920783 composite?
False
Is 13397 a composite number?
False
Is 11179 prime?
False
Is 8553 prime?
False
Is 19939 a prime number?
False
Is 605471 a prime number?
True
Is 2047 a prime number?
False
Is 9939 composite?
True
Is 376051 a composite number?
True
Is 19829 composite?
True
Is 667013 a prime number?
True
Is 14971 composite?
True
Is 1762 a prime number?
False
Is 8637 prime?
False
Is 35879 a prime number?
True
Is 191405 composite?
True
Is 84689 composite?
True
Is 315538 a prime number?
False
Is 862117 a composite number?
False
Is 20219 a composite number?
False
Is 2284241 a composite number?
False
Is 9647 composite?
True
Is 257473 composite?
False
Is 232499 composite?
False
Is 561283 a prime number?
False
Is 120781 a prime number?
False
Is 24439 a prime number?
True
Is 80942 prime?
False
Is 2391401 composite?
False
Is 11591 composite?
True
Is 438911 a composite number?
True
Is 112061 prime?
True
Is 20593 composite?
False
Is 835897 prime?
True
Is 8767 a prime number?
False
Is 54722 a composite number?
True
Is 275813 composite?
False
Is 910883 prime?
True
Is 19741 prime?
False
Is 73517 a composite number?
False
Is 15599 a prime number?
False
Is 415141 prime?
True
Is 1361 a prime number?
True
Is 25161 composite?
True
Is 167291 prime?
False
Is 49019 a composite number?
False
Is 9287 composite?
True
Is 2203 composite?
False
Is 1016727 prime?
False
Is 142063 a composite number?
True
Is 1859269 a composite number?
False
Is 64271 a prime number?
True
Is 35314 a prime number?
False
Is 289937 prime?
True
Is 121061 a prime number?
True
Is 40201 composite?
True
Is 5173 a prime number?
False
Is 191969 a prime number?
True
Is 49319 a prime number?
False
Is 2119967 composite?
False
Is 15245 a composite number?
True
Is 9391 prime?
True
Is 4421 prime?
True
Is 43327 a composite number?
True
Is 125563 prime?
False
Is 26653 a prime number?
False
Is 1546877 a prime number?
False
Is 12871 prime?
False
Is 155009 a composite number?
False
Is 124977 a prime number?
False
Is 29899 composite?
True
Is 1041 prime?
False
Is 1187 prime?
True
Is 108487 composite?
True
Is 2957 a composite number?
False
Is 7561 a composite number?
False
Is 569461 prime?
True
Is 32831 a composite number?
False
Is 23101 composite?
True
Is 178471 composite?
True
Is 873745 a prime number?
False
Is 78763 a composite number?
True
Is 20609 a prime number?
False
Is 2081 composite?
False
Is 248851 prime?
True
Is 1771766 a prime number?
False
Is 629891 prime?
True
Is 13121 a composite number?
False
Is 14197 prime?
True
Is 20281 composite?
True
Is 18687 prime?
False
Is 449149 prime?
True
Is 475113 composite?
True
Is 108411 a composite number?
True
Is 217307 a composite number?
False
Is 6421 a composite number?
False
Is 26801 a prime number?
True
Is 2732749 a prime number?
True
Is 2229523 composite?
False
Is 1494853 a prime number?
True
Is 26227 prime?
True
Is 295637 a prime number?
False
Is 26927 a composite number?
False
Is 14983 prime?
True
Is 38251 a prime number?
False
Is 1097293 prime?
True
Is 62201 composite?
False
Is 25691 prime?
False
Is 739099 a composite number?
False
Is 99443 a prime number?
False
Is 49783 a composite number?
False
Is 1777 composite?
False
Is 5189 a prime number?
True
Is 3624661 composite?
True
Is 2503 a composite number?
False
Is 99887 a composite number?
True
Is 395 a prime number?
False
Is 317 prime?
True
Is 1721 composite?
False
Is 400847 composite?
True
Is 3367401 prime?
False
Is 3691 a prime number?
True
Is 535957 prime?
True
Is 31199 composite?
True
Is 189509 prime?
True
Is 8081 prime?
True
Is 1603709 a prime number?
True
Is 42271 prime?
False
Is 37581 composite?
True
Is 67101 prime?
False
Is 10397 composite?
True
Is 1692763 a composite number?
False
Is 15277 a prime number?
True
Is 821 composite?
False
Is 64831 a prime number?
False
Is 742571 a prime number?
False
Is 26539 a composite number?
False
Is 50021 a prime number?
True
Is 2927 a composite number?
False
Is 106531 a composite number?
False
Is 1196747 prime?
False
Is 173567 a composite number?
True
Is 7601 a prime number?
False
Is 3281 prime?
False
Is 38029 a prime nu